osite?
True
Let z = 4191 - 2161. Suppose -z = -2*b - 4*o, -o - 1054 = 5*b - 6102. Is b a composite number?
False
Let p = -341938 - -663857. Is p a prime number?
False
Suppose 5*r + 18 - 63 = 0. Suppose 3*c = -3, 5*f - 7*c = -11*c - r. Is 10954/10 + f - 10/25 a prime number?
False
Let o = 779929 - 413772. Is o a prime number?
False
Is ((-11430471)/(-15))/23 - (1 + 33/(-15)) prime?
False
Suppose 4923*l = 4919*l + 234404. Is l a prime number?
True
Let j(y) = 2066*y**2 + 253*y - 20. Is j(-11) composite?
False
Let p(d) = 866 + 208 - 7*d + 6983. Is p(0) prime?
False
Is ((-875762)/18)/(123/(-1107)) a composite number?
False
Suppose -4123 + 12096 = 7*s. Suppose 3*l = 2*w + 1756, -2*l - 6*w + w + s = 0. Let k = l + -91. Is k prime?
True
Let f(o) = o**3 + 10*o**2 + 2*o - 5. Let z be f(-11). Suppose 14*p = b + 15*p - 278, 4*p = -2*b + 562. Let t = z + b. Is t composite?
False
Let f(g) = 511*g**3 + 4*g**2 + 44*g - 53. Is f(10) a prime number?
True
Let z(v) = 23*v**3 + v**2 + 8*v - 7. Suppose 4*b - 10 = m, 5*b + 0*m - 5*m = 5. Is z(b) a prime number?
True
Is (3437562/(-15))/(7 + (-6)/(150/185)) composite?
False
Let s = 83066 - -456927. Is s composite?
False
Let y = 126436 + -39513. Is y a prime number?
True
Suppose 0*h = -6*h - 6*h + 211764. Is h a composite number?
True
Suppose -3*q + 8*q - 140 = -5*g, 0 = 3*g + 12. Suppose -5*w - 3*p = q, p = -2*w - 2*w - 20. Let b(s) = 24*s**2 - 10*s - 5. Is b(w) composite?
False
Suppose -2*d - 16585 - 24613 = 0. Let h = 38328 + d. Is h prime?
True
Suppose 5*r = 4*g - 2800170, 208*g - 5*r + 3500235 = 213*g. Is g a prime number?
False
Suppose -74*h + 79*h = 80605. Suppose -h = -3*n - 0*k + 2*k, 5*k = -2*n + 10722. Is n a composite number?
True
Let d(k) = k**2 - 5*k - 24. Let m(g) = 3*g - 10. Let y be m(6). Let h be d(y). Suppose -3*x + 2*u + 1087 = h, 4*x = -x - 3*u + 1837. Is x a composite number?
True
Suppose 2*i = 166*g - 164*g - 272794, 3*i + 136385 = g. Is g a prime number?
True
Let g(j) = 599*j + 6181. Is g(14) a composite number?
True
Let k(c) = -c**3 - 15*c**2 - 27*c - 7. Let p be k(-13). Is -10*p/12 + 1764 composite?
False
Let u be 6/(10/((-120)/(-18))). Suppose 0 = u*h + 3*d - 3464, 6*h + 3*d = 12*h - 5226. Is h prime?
False
Suppose -134*u + 34920 = -129*u. Is (22/3)/(48/u) prime?
False
Let j = -68 - -72. Let p(r) = -j*r - 11 - 24 + 9 + 3*r**2. Is p(11) a prime number?
True
Suppose 0 = -3*f - 22 - 53. Is (3 + -2)/(f/(-77725)) prime?
True
Let j(t) = -6639*t + 1789. Is j(-30) a composite number?
True
Suppose 19 = -m + k, -3*k + 53 = -3*m - 2*k. Let c(y) = -2*y**3 - 4*y**2 - 8*y - 27. Is c(m) composite?
False
Let v = 214 - 209. Suppose -v*d + 3910 = -8145. Is d composite?
False
Let y(u) = 6*u + 44. Let x be y(-7). Suppose -x*q + 3*q = 133. Is q a prime number?
False
Let w(b) be the second derivative of b**5/20 + 19*b**4/12 - 7*b**3/2 + 17*b**2 + 42*b. Is w(-15) a composite number?
False
Suppose -4 = 4*g - g + 4*a, 2*g = -5*a - 12. Suppose g*l - 268 = 3*y, 3*y - 23 = -l + 44. Suppose -72*b = -l*b - 14695. Is b prime?
True
Suppose -3*m - 54126 = -3*w, 2*m - 4*m = -5*w + 90207. Is w composite?
False
Let o = 182 + -38. Suppose 7*m + 83 + 470 = 0. Let x = o + m. Is x composite?
True
Suppose -3*l = w - 3, -3*l - 9 = 4*w - w. Let z(x) = x**3 + 3*x**2 + 4*x + 5. Let q be z(w). Let v = 418 + q. Is v a prime number?
False
Let q = 7112 + -4003. Is q a composite number?
False
Suppose -14*t + 28*t = 0. Suppose 0 = -5*i + 3*h + 24536, -3*i - 5*h + 3278 + 11464 = t. Is i a composite number?
False
Suppose -6627*f + 6613*f = -2977114. Is f prime?
True
Let v(s) = 8218*s**2 + 31*s + 18. Is v(3) prime?
False
Let o = 2183180 + 1373391. Is o a prime number?
True
Suppose -1074 = -28*q - 3986. Let r(z) = 8*z**2 + 3*z + 1. Let p be r(6). Let k = p + q. Is k a prime number?
False
Let u = 390219 - 210710. Is u a prime number?
False
Suppose 5217 = 3*w - 2*j, 2*j - 1739 = -w - 2*j. Suppose 0 = 5*q - 2*n - 2226, n + 260 = -5*q + 2477. Let d = q + w. Is d a composite number?
True
Suppose 129 = -x + 3*b, 6*x - 10*x - 5*b - 482 = 0. Let p = x + 131. Suppose 0 = 7*n + p*n - 15855. Is n a prime number?
False
Let q(s) = 818*s**3 + 14*s**2 - 20*s + 101. Is q(7) prime?
False
Suppose -11*z + 13*z - 175258 = -4*h, -z + 4*h = -87611. Is z a composite number?
False
Let j = -218 + 223. Let p(w) = 87*w - 4. Is p(j) composite?
False
Let n(z) = -411*z**2 - 10*z + 29. Let s(c) = -1234*c**2 - 28*c + 86. Let k(t) = -7*n(t) + 2*s(t). Is k(6) a prime number?
False
Suppose 4*c - 718544 = 4*l, 898177 = 5*c - 15*l + 11*l. Is c prime?
True
Let a(r) be the third derivative of 27*r**5/20 + r**4/12 + 2*r**3/3 - 129*r**2. Let t(i) = 2*i**2 - 2*i - 1. Let z be t(2). Is a(z) a prime number?
True
Suppose 8*a - 1482 = -5*a. Suppose -119*d = -a*d - 8795. Is d a prime number?
True
Let g(j) = j**3 + j**2 + 2*j + 4. Let m = 6 - 6. Let z be g(m). Is (-1)/z + 5706/72 a prime number?
True
Let f = 910 + -1456. Let b = -1436 + 317. Let a = f - b. Is a prime?
False
Let x(d) be the first derivative of -d**2 - 39 - 1/3*d**3 + 781*d. Is x(0) prime?
False
Let n be 20*(-18)/4 - (65 - 60). Let l = 5652 + n. Is l a prime number?
True
Let g(a) = a**2 - 10*a + 17. Suppose 6*c = c + 45. Let t be g(c). Suppose p = i + i - 1006, t = 2*p. Is i prime?
False
Suppose 5*v + u - 933959 = 856867, 4*u + 1074491 = 3*v. Is v a prime number?
False
Let x(w) = 15802*w**2 + 1150*w - 15. Is x(-8) prime?
False
Let n(a) = -a**3 + 9*a**2 - 2*a + 118. Let p be n(10). Is ((-402381)/(-315))/(p/(-10)) a prime number?
False
Let y = -899009 + 2280440. Is y a prime number?
False
Let k(a) = -159*a - 3. Let s be k(-6). Let y(g) = 19*g + 211. Let c be y(-11). Suppose -c*r + s = r. Is r a prime number?
True
Let o(c) = -31 + 47*c + 11*c - 7 + 5. Let y(n) = -115*n + 66. Let d(u) = 11*o(u) + 6*y(u). Is d(-10) composite?
True
Let g(j) = 3*j. Let d be g(-2). Let r(n) = 21*n**2 - 3*n + 41. Let w(t) = t**2 - t + 1. Let q(a) = r(a) - 6*w(a). Is q(d) prime?
True
Suppose 5 + 4 = 3*i. Let r be (2289 - (0 + 0))*i. Suppose -l + 17526 = n + r, -4*n = -l + 10679. Is l a composite number?
False
Let d(p) = 99*p**3 + 9*p**2 - 39*p + 134. Is d(5) a prime number?
True
Suppose -226*a + 44886377 = -101040125 - 21819060. Is a a composite number?
True
Let u(q) = 32*q**2 + 8*q - 33. Let f(w) = 7*w + 32. Let r be f(-7). Is u(r) prime?
False
Is ((-1491)/1988)/(1*(-6)/142616) a composite number?
False
Let d = 469 + -497. Is (-239055)/(-21) + 16/d composite?
False
Let h be -3 + 10 - (0 + 1). Suppose 0 = -3*l - 3*m + 3645, -h*m + 11*m + 2402 = 2*l. Is l composite?
True
Let c(s) be the first derivative of 97*s**3/3 - 11*s**2 - 53*s + 60. Is c(-6) a prime number?
True
Let f = 245953 - 151384. Suppose -21*o - 8*o + f = 0. Is o a prime number?
False
Suppose 0 = -0*n + 9*n - 45. Let v be (n/(-3) - -1)*(7 - 13). Suppose 0 = v*z - 270 - 310. Is z a prime number?
False
Suppose 0*i = -10*i. Suppose 3*w + 17*c - 18*c - 27773 = i, -2*c - 27775 = -3*w. Is w a composite number?
False
Let g(l) = 4*l**2 - 4*l + 4. Let q be g(1). Suppose 5*x - q = 4*x. Suppose -x*a - 2*m + 530 = -8, 2*a - 263 = 5*m. Is a a prime number?
False
Suppose 13*g + 82 = 17. Is (((-163010)/3)/g)/(36/54) prime?
True
Let p be 52620/9 + (15/(-9) - -1). Suppose p = y + 1143. Is y a composite number?
False
Suppose -343*a + 30909808 = -39*a. Is a a prime number?
False
Suppose -2*t - o - 2*o = -7, 8 = 4*t + 4*o. Let b be -1*(-3)/t - -306. Let w = 796 - b. Is w composite?
True
Let j(h) = 22*h**2 + 4*h. Let v be j(-4). Let w(s) = v - 21*s - 367 - 199*s. Is w(-5) a composite number?
False
Suppose 0 = 5*n - 3*x - 13, n + n + 1 = -5*x. Suppose -i + 5*g + 1419 = 0, n*i - g = 2106 + 750. Suppose 5*w + 324 = i. Is w prime?
False
Suppose 0 = -3*a + 2*y + 27149 + 137862, -2*y - 55009 = -a. Is a prime?
True
Let r = -362128 + 558150. Is r a prime number?
False
Suppose 107*p - 12949311 - 5631174 = 35029618. Is p composite?
False
Is (-12598)/(-13 + 12) - 1*9 a prime number?
True
Suppose -106*v + 79090 = -104*v - 4*b, -4*b = 3*v - 118675. Is v composite?
True
Let b be 5*(-2 + 64/20). Suppose -b*j - 48 = -14*j. Suppose -j*z = z - 7511. Is z composite?
True
Is (837827 - 1)/(-188 - -190) a composite number?
True
Suppose -5*q + 19 = -3*s, 4*s + 17 = -0*s + 5*q. Suppose 4*z = 3*a + 10393, 0 = -s*z - z + 5*a + 7792. Is